*k - k - 36 = -4*f, k - 5*f - 27 = 0. Suppose -6*x - 104 = 2*s - 2*x, 101 = -2*s - 3*x. Let j = k - s. List the prime factors of j.
2, 3, 13
What are the prime factors of -2 + (10240 - (-4 - -4))?
2, 5119
Suppose 4 = -4*l, 648*x - 31987 = 645*x + l. What are the prime factors of x?
2, 3, 1777
Suppose -3*p + 26817 = 536*c - 541*c, 0 = -4*c - 24. List the prime factors of p.
8929
Let j(a) be the second derivative of -a**5/20 - a**4/3 + 5*a**3/3 + 8*a**2 - 12*a. Let c be j(-7). Let s = c + -23. What are the prime factors of s?
2, 5, 7
Let c be 2*((-9)/36 - (-1535)/4). Let n = -181 + c. What are the prime factors of n?
2, 293
Suppose -14814 = -3*x - 0*x. Suppose -5*a = 4*q - x, -3*q + 7*q - 4930 = -a. What are the prime factors of q?
2, 7, 11
Let d = 325 - -1010. List the prime factors of d.
3, 5, 89
Let n be (2 - 1/4*20)/(-1). Suppose -n*u + 3234 - 937 = w, 5*u = 2*w + 3821. What are the prime factors of u?
3, 5, 17
Suppose 25191 = -90*r + 171*r. What are the prime factors of r?
311
Let o be (-2408)/(-120) - 4/60. Suppose -22*p = 2*l - o*p - 1202, 3*l + 2*p - 1798 = 0. What are the prime factors of l?
2, 149
Let r be -7 + 6 - (-15 - (-1 - 0)). List the prime factors of (-1520)/(-32)*(r + -3).
5, 19
Suppose o + 0 + 10 = 5*p, -15 = -5*p. Suppose -6 = o*l - 96. Let s = 66 + l. List the prime factors of s.
2, 3, 7
Suppose 41*z = 108*z - 120134 - 98822. What are the prime factors of z?
2, 19, 43
Let v be (-35)/(-10)*(-12)/(-21). Let f(i) = v*i + 1 + 15*i**2 + 14*i**2 + 1 - 12*i**2. List the prime factors of f(2).
2, 37
Let p be (-55)/30*(24/30 - 64/5). Let j = -7 + 27. Suppose j*a + 32 = p*a. What are the prime factors of a?
2
What are the prime factors of (105 + 17 + -18)*50/4?
2, 5, 13
Suppose -4*m = 4*c - 552, m = 2*m - 2*c - 147. Let k = 340 - m. What are the prime factors of k?
199
Suppose -u = -1, 3*r = 5*r + 4*u - 24. Suppose r*d = 5*d + 20. Suppose d*y + 6*y = 290. What are the prime factors of y?
29
Let s = 401 + 7929. List the prime factors of s.
2, 5, 7, 17
Suppose 52*h - 1262390 = -30*h. List the prime factors of h.
5, 3079
Suppose 3*a = -5*u + 39847, -6151 - 1817 = -u - 2*a. List the prime factors of u.
2, 5, 797
Let f(z) be the second derivative of 31*z**4/12 + 3*z**3/2 + z**2/2 + 3*z - 17. What are the prime factors of f(-4)?
461
Let h = 66 - -47. Let u = 68 - h. List the prime factors of (-2)/u*-5 - 56/(-9).
2, 3
Suppose -740 = -19*w + 20*w. Let i = -295 - w. What are the prime factors of i?
5, 89
Suppose -5*m - 4*p + 40 = 0, 24 = 4*p + 4. Suppose 32 = -4*c - m*l, 5*c - 3*l = -30 - 10. List the prime factors of 4/(-18) + (7576/(-9))/c.
3, 5, 7
Let g(b) be the third derivative of 97*b**4/24 - b**3 + 95*b**2. What are the prime factors of g(2)?
2, 47
Suppose -3*l - 34 = 32. Let s be 178/26 - l/143. Suppose 0 = u + 2*n - s, u - 3*n - 25 = n. List the prime factors of u.
13
Let z = -2369 - -3993. Suppose -15*a + 14*a - 8 = 0. List the prime factors of ((-26)/a + -1)*z/87.
2, 3, 7
Suppose 0 = 216*z - 215*z - 213. Let s = -168 + z. What are the prime factors of s?
3, 5
Let l = 196 + 316. Suppose -11*x + l = -1589. Suppose -479 = -4*r - p, 695 = 4*r - 4*p + x. What are the prime factors of r?
11
Let z = -59645 - -120711. List the prime factors of z.
2, 19, 1607
What are the prime factors of 24/18*(-15)/20*-139?
139
Suppose -24*o + 37*o + 133523 = 26*o. List the prime factors of o.
10271
Let i(h) = h**2 - h - 14. Let o be i(7). Suppose -o*k = -13*k - 7245. List the prime factors of k.
3, 7, 23
Suppose 23*p - 18*p + 1658 = 2*w, -w = 3*p - 818. Suppose -13*o + w + 12722 = 0. List the prime factors of o.
2, 521
Suppose -4*q = -2*s - 10, 2*q - 13 = -s + 2. Let i(j) be the second derivative of j**4/12 + 3*j**3/2 - 5*j**2/2 + 319*j. List the prime factors of i(q).
5, 13
Let y(d) = d**3 + 9*d**2 - 21*d + 6. Let z be y(-11). Let m = z - -13. Suppose -m*k + 4*k + 276 = 0. What are the prime factors of k?
3, 23
Let o be 8/(-3)*(54/(-8) - 0). Suppose -16*a = -o*a + 324. List the prime factors of a.
2, 3
List the prime factors of (-420)/(380/19) - -29694.
3, 7, 157
Suppose 3454 + 83074 = 26*j. What are the prime factors of j?
2, 13
Let s(h) = 152*h - 63. Let v be s(6). Let d = -119 + v. Suppose 4*f - 724 = 4*n, -f + d = 3*f + 2*n. List the prime factors of f.
2, 7, 13
List the prime factors of 25659/27*(-21)/14*-2.
2851
Let j be ((-273)/6)/(2/4). Suppose -q = -5*y + 32, 3*q - 4*y + 31 = -2*y. List the prime factors of (-114)/q + 26/j.
2
Suppose -15 - 43 = -2*d. Let z = d + 18. Let t = 115 - z. List the prime factors of t.
2, 17
Let g = -162 + 165. Suppose 0 = -g*q + 5*q - 1012. List the prime factors of q.
2, 11, 23
What are the prime factors of (-2 + -198 + -2)*134/(-268)?
101
Let d(x) = -11*x**3 + 24*x**2 + 29*x + 1. What are the prime factors of d(-9)?
31, 313
Let d = -1701 + 3911. Suppose d = 16*m - 3070. What are the prime factors of m?
2, 3, 5, 11
Let f = -1028 + 2203. Suppose -12*x + f = -2797. List the prime factors of x.
331
Let x be -144 - ((-16)/(-2) - 4). Let o = -59 - x. Let w = 35 + o. What are the prime factors of w?
2, 31
Let v = -63 - -60. Suppose -b - 2 - 1 = 0. List the prime factors of 1 + (b - -2) - v*17.
3, 17
Let j be ((-29708)/70)/(51/(-15) + 3). Let q = j + -61. What are the prime factors of q?
2, 5
What are the prime factors of (123 - 124)/(1*(1 + 36369/(-36366)))?
2, 11, 19, 29
Let j(n) = 2731*n + 564. List the prime factors of j(7).
19681
Suppose -4*t + 1080 = 4*c, -t + 977 - 699 = 5*c. List the prime factors of t.
2, 67
Let j(g) be the first derivative of -13*g - 3*g**3 + 15 - 1/4*g**4 + 8*g**2. List the prime factors of j(-11).
53
Let r(k) = 3*k + 30. Let g be r(-14). Let i be 2/(-6)*72/g. Suppose 4*y - 108 = j, -i*y + 14 = -y + 3*j. What are the prime factors of y?
2, 13
Suppose -63*x - 351 = -90*x. Suppose 15*m + 2*l = x*m + 460, l = 5*m - 1180. List the prime factors of m.
5, 47
Let s be 0 + 1 - 8*-15. Let h be (-12)/(-54) - 4532/(-18). Let g = h - s. List the prime factors of g.
131
Let n(a) = -a**3 + 19*a**2 - 19*a + 12. Let x be n(18). Let y(c) = -21*c - 19. Let o be y(x). Let d = o + 41. What are the prime factors of d?
2, 37
Suppose -2*n - 87 - 199 = 0. Let p = -100 - n. List the prime factors of p.
43
Let b = -122 + 121. What are the prime factors of b/((-5)/(145*10))?
2, 5, 29
Suppose 2*n + 66557 = -5*s + 191022, -4*s - 249056 = -4*n. List the prime factors of n.
5, 12451
Let x be 9 - (-4 + -5*12/(-20)). Suppose -3*s - m = -1504, 5*s - x*s - 3*m + 2500 = 0. List the prime factors of s.
503
Suppose -382*m + 383*m = 1056. List the prime factors of (m/30)/(-8)*-70.
2, 7, 11
Let p = 3947 - -2818. List the prime factors of p.
3, 5, 11, 41
Let a(h) = 7*h**2 + 5*h + 18. Let k be a(-18). Suppose -2*i = 2*b - 882, 8*i - 6*i = -5*b + k. What are the prime factors of b?
2, 3, 73
Suppose 3*a = -4*v - a + 36, -5*v + 4*a = -54. Suppose -11*j = -v*j - 695. What are the prime factors of j?
5, 139
Suppose -3*f = -4*z - 18273, f - 6075 = -13*z + 9*z. List the prime factors of f.
3, 2029
List the prime factors of (-41)/(-369) - -2*(-56228)/(-72).
2, 11, 71
Let h be (132 - -7) + 3 + -2. Let k = h - 134. Suppose 0 = 5*u - 5*p - 1305, -k*p - 1045 = -4*u - p. What are the prime factors of u?
2, 5, 13
Let q be 0/(-4) - (-2 - (-9)/(-3)). Suppose -q*y = a + 5421, 5*a + 36444 - 9204 = 2*y. What are the prime factors of 2/13 - a/91?
2, 3, 5
Let y(x) = 3*x**3 + 18*x**2 - x - 6. Let r be y(-6). Suppose r = -19*j + 3705 - 798. List the prime factors of j.
3, 17
Suppose 10*o - 3*o - 28 = 0. What are the prime factors of (3/(-3))/((o/(-2524))/1)?
631
Let d(r) = r**2 + 13*r - 21. Let x(l) = 2*l - 54. Let u be x(22). Let c be d(u). Let t = c + 168. List the prime factors of t.
3, 13
Suppose 12*h = 11*h - 51. Let u = h - -55. Suppose 3*k + 237 = 5*y - 2*y, u*y - 321 = -k. List the prime factors of y.
2, 5
Suppose 0 = -173*h + 170*h. Suppose -7*s + 3816 - 736 = h. List the prime factors of s.
2, 5, 11
Let l(f) = -7*f - 17. Let i be l(21). Let o = 243 + i. Suppose -y = -0*y - o. List the prime factors of y.
79
Suppose -40*o + 47*o + 3311 = 0. Let p = 138 - o. What are the prime factors of p?
13, 47
Suppose o - 55321 = -5*t, 51*t + 5*o - 33197 = 48*t. List the prime factors of t.
2, 3, 461
Let r(f) = -796*f - 6968. What are the prime factors of r(-2